{"id":9,"date":"2025-08-25T12:19:09","date_gmt":"2025-08-25T12:19:09","guid":{"rendered":"https:\/\/www.pomyslnik.pl\/?page_id=9"},"modified":"2025-08-25T12:19:09","modified_gmt":"2025-08-25T12:19:09","slug":"o-blogu","status":"publish","type":"page","link":"https:\/\/pomyslnik.pl\/?page_id=9","title":{"rendered":"O blogu"},"content":{"rendered":"\n<p>\u201eZiemia i Plon\u201d to przestrze\u0144, w kt\u00f3rej spotykaj\u0105 si\u0119 tradycja i nowoczesno\u015b\u0107. Blog powsta\u0142 z potrzeby dzielenia si\u0119 wiedz\u0105 o tym, jak dba\u0107 o gleb\u0119, ro\u015bliny i plony w spos\u00f3b \u015bwiadomy i efektywny. To miejsce dla pasjonat\u00f3w ogrodnictwa i rolnictwa, kt\u00f3rzy chc\u0105 rozwija\u0107 swoje umiej\u0119tno\u015bci i szukaj\u0105 praktycznych wskaz\u00f3wek popartych do\u015bwiadczeniem.<\/p>\n\n\n\n<p>\ud83d\udc49 Inspiracje do codziennej pracy w ogrodzie i gospodarstwie<br>\ud83d\udc49 Rzetelne artyku\u0142y oparte na wiedzy praktycznej i naukowej<br>\ud83d\udc49 Nowoczesne rozwi\u0105zania technologiczne wspieraj\u0105ce natur\u0119<br>\ud83d\udc49 Porady, kt\u00f3re pomagaj\u0105 osi\u0105ga\u0107 lepsze plony i oszcz\u0119dza\u0107 czas<\/p>\n","protected":false},"excerpt":{"rendered":"<p>\u201eZiemia i Plon\u201d to przestrze\u0144, w kt\u00f3rej spotykaj\u0105 si\u0119 tradycja i nowoczesno\u015b\u0107. Blog powsta\u0142 z potrzeby dzielenia si\u0119 wiedz\u0105 o tym, jak dba\u0107 o gleb\u0119, ro\u015bliny i plony w spos\u00f3b \u015bwiadomy i efektywny. To miejsce dla pasjonat\u00f3w ogrodnictwa i rolnictwa, kt\u00f3rzy chc\u0105 rozwija\u0107 swoje umiej\u0119tno\u015bci i szukaj\u0105 praktycznych wskaz\u00f3wek popartych do\u015bwiadczeniem. \ud83d\udc49 Inspiracje do codziennej &hellip; <a href=\"https:\/\/pomyslnik.pl\/?page_id=9\" class=\"more-link\">Czytaj dalej <span class=\"screen-reader-text\">O blogu<\/span><\/a><\/p>\n","protected":false},"author":1,"featured_media":0,"parent":0,"menu_order":0,"comment_status":"closed","ping_status":"closed","template":"","meta":{"footnotes":""},"class_list":["post-9","page","type-page","status-publish","hentry"],"_links":{"self":[{"href":"https:\/\/pomyslnik.pl\/index.php?rest_route=\/wp\/v2\/pages\/9","targetHints":{"allow":["GET"]}}],"collection":[{"href":"https:\/\/pomyslnik.pl\/index.php?rest_route=\/wp\/v2\/pages"}],"about":[{"href":"https:\/\/pomyslnik.pl\/index.php?rest_route=\/wp\/v2\/types\/page"}],"author":[{"embeddable":true,"href":"https:\/\/pomyslnik.pl\/index.php?rest_route=\/wp\/v2\/users\/1"}],"replies":[{"embeddable":true,"href":"https:\/\/pomyslnik.pl\/index.php?rest_route=%2Fwp%2Fv2%2Fcomments&post=9"}],"version-history":[{"count":0,"href":"https:\/\/pomyslnik.pl\/index.php?rest_route=\/wp\/v2\/pages\/9\/revisions"}],"wp:attachment":[{"href":"https:\/\/pomyslnik.pl\/index.php?rest_route=%2Fwp%2Fv2%2Fmedia&parent=9"}],"curies":[{"name":"wp","href":"https:\/\/api.w.org\/{rel}","templated":true}]}}